 = d - -126. Let i = -19 - -54. Calculate the remainder when g is divided by i.
33
Let u = 682 - 640. What is the remainder when (0 - 11)*7/(u/(-186)) is divided by 57?
56
Suppose 23 = q + 1. Let o be -2418*(5 - (-248)/(-48)). Suppose -8*i = -39*i + o. What is the remainder when q is divided by i?
9
Let n = 26 + -21. Let v be 0/8 - (3 - n). Calculate the remainder when v + ((-88)/(-10))/(10/25) is divided by 17.
7
Let w = -140 - -152. Suppose -w*m = -15*m + 45. What is the remainder when 39 is divided by m?
9
Let p = -20559 - -20731. Calculate the remainder when p is divided by -1 - 1 - (-53)/1.
19
Let x(w) = 20*w**3 + 7*w**2 + 11*w - 56. Let q = 10 + -22. Calculate the remainder when x(2) is divided by (52/(-2))/(8/q).
37
Let s(g) = g**3 + 12*g**2 + 31*g - 1. Suppose -6*x + 2*x - 4 = 4*v, 0 = x + 3*v - 9. Suppose -10 + 30 = 2*d. What is the remainder when s(x) is divided by d?
9
Let d(z) = -5*z + 39. Let x be d(7). Suppose 10 = -10*a + 15*a, 0 = -3*s - x*a + 182. What is the remainder when s is divided by 13?
6
Let x(d) = -d**2 - 12*d - 10. Suppose -312*l = -310*l + 20. Suppose 0*r - r + 16 = 0. Calculate the remainder when r is divided by x(l).
6
Let x be (55/(-10))/((-7)/2856). Suppose 34*z - z = x. What is the remainder when 406 is divided by z?
66
Suppose -3*y - 15 = i, -2*y = -4*i + y + 15. Suppose -2*c + 381 + 345 = -4*q, 4*c + 4*q - 1464 = i. What is the remainder when c is divided by 23?
20
Let z(l) = 9*l - 11*l + 5 + 3*l**2 + 8*l + l. Let a be z(-6). Let d = 87 - a. Calculate the remainder when 125 is divided by d.
13
Let x = 4559 + -4021. Calculate the remainder when x is divided by 17.
11
Suppose -2*r + 4*g + 503 = 47, 685 = 3*r - 5*g. Suppose -9*h = -32*h + r. Calculate the remainder when 49 is divided by h.
9
Suppose 2760 = -6*v + 10*v. Let q be 155*(-3 + 16/5). Suppose -q*i + 36*i = v. Calculate the remainder when i is divided by 20.
18
Let a(y) = 34*y**2 + 13*y - 25. Calculate the remainder when 250 is divided by a(2).
113
Let r(y) = 132*y - 1989. What is the remainder when 860 is divided by r(16)?
122
Let y = 15 - 13. Let k(r) = -10 - 1 + 13*r**2 - 11*r**y + 17*r. Calculate the remainder when k(-10) is divided by 11.
8
Suppose 0 = a - 4*l - 23, -3*l = -5*a + 11 + 19. Suppose 2*w = -2*d + 380, 762 = 7*w - a*w + 3*d. What is the remainder when w is divided by 49?
45
Let z = 360 + -328. Let n = 185 - 75. What is the remainder when n is divided by z?
14
Let l = 224 - 172. What is the remainder when 76 is divided by (-1)/((10/25)/(l/(-10)))?
11
Let f = -30 - -28. Calculate the remainder when 1/(55/27 + -2) is divided by (f/6 + 0)/(2/(-90)).
12
Suppose 0 = 4*r - 0 + 460. Let w = -75 - r. What is the remainder when w is divided by 14 - -20*(-3)/12?
4
Calculate the remainder when (388/(-6))/(1/(-6)) is divided by (260/(-13))/((-10)/(8 + -3)).
8
Let y = 121 - 2. Let u be 3/(3/2 - 0). What is the remainder when y is divided by u + 2/1 - -11?
14
Let r = -39 + 49. Let p(s) = -s**2 + 8*s + 6. Let x be p(r). Let b = 3 - x. What is the remainder when b is divided by 10?
7
What is the remainder when 1121 is divided by (((-24)/5)/4)/(8 + 7064/(-880))?
21
Calculate the remainder when (-3)/(3/8) - 750045/(-155) is divided by 1606.
13
Suppose -285*a = o - 287*a - 10, 0 = 4*o - a - 33. Calculate the remainder when 130 is divided by o.
2
What is the remainder when 60/(-5) - -3 - -10505 is divided by 100?
96
Let x = -42 - -73. Suppose -737*k - 15*k + 12032 = 0. Calculate the remainder when x is divided by k.
15
Let a be (130/(-13))/(-6 - -4). Suppose k - d - 2 = 0, a*k = 10*k + 5*d. What is the remainder when 1 is divided by k?
0
Suppose -12*y + 9*y = 3. Let c = y + 46. Let x = 78 - 62. What is the remainder when c is divided by x?
13
Suppose -107 + 23 = -6*u. Calculate the remainder when 694/u - (-24)/(-42) is divided by 10.
9
Let q(g) = -4*g**3 - 16*g**2 - 72*g - 460. What is the remainder when 1397 is divided by q(-6)?
97
Suppose -3*l - 78*w + 355 = -77*w, 3*l = -5*w + 347. What is the remainder when 1074 is divided by l?
3
Let s = 399 - 387. Suppose 10437 = 37*i + s*i. Calculate the remainder when i is divided by 18.
15
Suppose -104*y - 5*h = -107*y + 624, -2*y - h = -429. Calculate the remainder when y is divided by 125.
88
Let s = 2 + 7. Let o = 217 + -219. Calculate the remainder when 12/(-4)*((-402)/s + o) is divided by 36.
32
Suppose 0 = -6*y + 11*y - 20. Suppose 0 = y*l - l + 5*r - 65, -5*l + 127 = -r. Let k(j) = 9*j**2 + 3*j. What is the remainder when k(-3) is divided by l?
22
Suppose -6623 = -5*p - 4*y, -698*p - 4*y = -697*p - 1331. Calculate the remainder when p is divided by 131.
13
Suppose -3*b - 28 = -7. Let n = 9 + b. Suppose 64 = n*w + 6*w. What is the remainder when 13 is divided by w?
5
Let z(a) be the first derivative of -4*a**2 - 11*a - 2. What is the remainder when 50 is divided by z(-3)?
11
Suppose 36*q - 39*q = -120. Suppose 0 = 6*j - 8*j + q. Calculate the remainder when 59 is divided by j.
19
Suppose 3*u - 4*g = -197, -3*g - 198 + 36 = 3*u. Let l be (-273)/6 + (-15)/(-30). Let j = l - u. Calculate the remainder when 83 is divided by j.
13
Let n(x) = -2*x**2 + 136*x - 17. What is the remainder when n(67) is divided by 75?
42
Let w(q) = 3*q**3 - 3*q**2 + 5*q + 1. Let n be w(4). Suppose -2*p = s - 4*p - 82, -3*p - n = -2*s. What is the remainder when s is divided by 17?
16
Suppose -3*i - c + 7 = 0, 25*i + 2*c - 8 = 21*i. Calculate the remainder when i is divided by 3.
0
Let n(i) = -i**3 - 18*i**2 - 4. Let m be n(-18). Suppose -17*v + 20*v = 126. What is the remainder when v is divided by m/(-1) - (-27 + 16)?
12
Let u be 3 + -2 + 3 + (-8)/2. Let x(m) = -2*m**2 - 2*m + 5. Suppose -69 = p - 4*p. What is the remainder when p is divided by x(u)?
3
Let q = 64 - 52. Calculate the remainder when 78 is divided by (4/q - -11)/((-2)/(-3)).
10
Let c be -1 + (8 + -2 - 5). Suppose c = 15*n - 11 - 79. Calculate the remainder when n is divided by 1*(-1 - 1) - -6.
2
Let k(f) = 2*f**2 + 313*f - 10608. What is the remainder when k(29) is divided by 81 + -3 + 9/3?
70
Let y(r) = 110*r + 5219. What is the remainder when 601 is divided by y(-42)?
2
Let s(t) = 12*t + 20. Let w = 39 - 20. Calculate the remainder when s(4) is divided by w.
11
Let d be (0 - 5/(-2))*(-4)/(-2). Let n(h) = -3*h**2 - 11*h + 50. Let j be n(d). Let p = j - -116. Calculate the remainder when 214 is divided by p.
34
Suppose 106*u = 80*u + 390. What is the remainder when 552 is divided by u?
12
Let f(z) = -z**2 - 34*z + 342. Calculate the remainder when f(0) is divided by 104.
30
Suppose -5*v + 46 = -2*v + i, 3*v - 5*i - 40 = 0. What is the remainder when 0 + 113/2*4 + -2 is divided by v?
14
Let p(b) = 13*b - 134. Let s be p(16). Suppose -s*j = -77*j + 180. What is the remainder when j is divided by 34?
26
Suppose -75*z - 119*z + 149*z + 765 = 0. What is the remainder when 184 is divided by z?
14
Suppose 3*t - u - 1130 = -123, -4*t + 1334 = 3*u. Let n = 46016 - 45990. Calculate the remainder when t is divided by n.
23
Let a be (-6)/(2*(-3)/57). Suppose 60*w - 69 = a*w. What is the remainder when w is divided by (2 - 41)*7/(-21)?
10
Let p(b) = -21*b + 8. Suppose 2*o + 17 = 9, 4*u - 4*o - 40 = 0. Calculate the remainder when p(-5) is divided by u.
5
What is the remainder when 15405 is divided by (-7 - (-525)/45)/(4/930*5)?
215
Let i(z) = -3*z**2 + 124*z - 150. What is the remainder when 627 is divided by i(40)?
7
Let r = -26940 - -26982. Calculate the remainder when 2042 is divided by r.
26
Calculate the remainder when -1 + (3 + 4 + -8 + 0)*-517 is divided by 261.
255
Let x be (1 - 2)/(107/(-214)). Suppose 0 = 3*c - x*o - 47, 88*c - 4*o + 71 = 93*c. Let d = -6 - -10. Calculate the remainder when c is divided by d.
3
Let p = 34318 + -26625. What is the remainder when p is divided by 74?
71
Suppose -91 = -4*f + 233. What is the remainder when f is divided by ((-222)/148)/(3/(-22))?
4
Let f = 573 + -427. Calculate the remainder when f is divided by 61.
24
Let x = -335 + 530. What is the remainder when x is divided by (-9)/(-1)*2/1?
15
Let b(o) = 7*o - 140. Let l be b(21). Suppose -3*r + 21 = -4*f + l*f, r = -4*f - 2. What is the remainder when 627 is divided by r?
7
Suppose 5*x + 27*d = 26*d + 1397, 0 = -4*d + 8. Let u = -19 + 54. Calculate the remainder when x is divided by u